 j = h + 42, 8*h = 4*j + f*h - 163. What is the units digit of j?
7
Let n = -61 + 65. Suppose 10 = 4*k - 2*k, -k - 279 = -n*g. What is the tens digit of g?
7
Suppose 5*s = 4*h + 1589 - 483, -h - 440 = -2*s. Let g = s + -143. What is the tens digit of g?
7
Let a be (-20 + 118)/((-1)/1). Let h = a - -173. What is the tens digit of h?
7
Suppose -4*m + 2*i - 12 = 0, 5*i - 12 = 2*i. Let u be 3 - (m - 4/2). Suppose 0 = 2*s + 5*p - u, 2*s - s = 4*p + 16. What is the units digit of s?
8
Let j = -1217 - -1931. What is the tens digit of j?
1
Let k(h) = -4*h - 1. Let m be k(0). Let y(f) = -219*f + 3. What is the hundreds digit of y(m)?
2
Suppose 5*v = 6*v + 15. Let d(q) = -q + 29. What is the units digit of d(v)?
4
Suppose -3*l = -2*w + 338, 195 - 26 = w + 4*l. Let t = 78 - w. What is the tens digit of (-4)/(-6) + t/(-3)?
3
Suppose -5*p + 2*v + 4110 = 0, -3*p + 5*v + 2216 + 231 = 0. What is the hundreds digit of p?
8
Let k = -821 + 1914. What is the thousands digit of k?
1
Let z = 9 + 5. Let f be (-4)/z - (-10)/35. Suppose 3*r - 8*r + 50 = f. What is the units digit of r?
0
Let l = -5815 - -8976. What is the units digit of l?
1
Suppose -5*k = -4 + 19. Let z(j) = -j**2 - 5*j - 6. Let l be z(k). Suppose 3*t - t - 58 = l. What is the tens digit of t?
2
Let f(m) = -2*m - 2. Let r be f(-2). Let w(b) = 4*b**2 + 19 - b**2 - 25 + b**r. What is the tens digit of w(3)?
3
Let q = 558 - 320. What is the units digit of q?
8
Suppose 4 = x - m, 2*x + 0*x = -2*m. What is the hundreds digit of (0 - (-15)/x)*(-40)/(-3)?
1
Suppose -12 = -j + 3*t, -5*j - 20*t + 27 = -24*t. Suppose 104 - 40 = p. What is the tens digit of (-36)/27 + p/j?
2
Suppose 3*z - z = 4*d + 156, 3*d = -z + 93. What is the tens digit of (-4 - -5) + 1 + z?
8
Let c(f) = -589*f**3 - 5*f - 4. What is the tens digit of c(-1)?
9
Suppose 4*n - 40 - 104 = 0. Let z be 8/12*n/8. Suppose -4*u + z*c + 117 = -2*u, 62 = u + 2*c. What is the tens digit of u?
6
Let r(w) be the second derivative of 1/6*w**4 + 4*w**2 + 11/6*w**3 + 0 + 8*w. What is the units digit of r(-9)?
1
Suppose 18*s = -18*s + 26748. What is the tens digit of s?
4
What is the tens digit of (-1299)/(-15) - 5*4/(-50)?
8
Suppose 17*p = 14*p + 2229. What is the units digit of p?
3
Let l(y) = -y**3 + 26*y**2 - y - 21. What is the thousands digit of l(18)?
2
Suppose -63751 = -41*x - 17298. What is the thousands digit of x?
1
Let m = 27 - 2. Suppose m = 3*t - 32. What is the tens digit of t?
1
Let q(c) = 2*c - 17. Let f be q(10). Suppose 4*a = f*a + 62. What is the tens digit of a?
6
Suppose 7*t - 199 = 123. What is the tens digit of (-66)/11*t/(-4)?
6
Suppose -j - 2*j = c - 58, 3*j + 3*c = 48. What is the tens digit of j?
2
Suppose 0 = 3*u + 4*t - 7*t - 405, t + 663 = 5*u. Let f = 258 - u. Suppose 4*l + f = 5*z, 2*z - l - 56 = 2*l. What is the units digit of z?
2
Suppose 4*r + 0*t = 3*t + 144, 0 = 2*r + 5*t - 98. Let v be -1*4/(-10) + (-70)/50. Let z = v + r. What is the units digit of z?
8
What is the tens digit of -5*(5 + -4)*-21?
0
Suppose -4*m + 577 = 3*j - 0*j, -3*m - 5*j + 419 = 0. What is the hundreds digit of m?
1
Let w(y) = 7*y**2 - 2*y - 1529. Let q(p) = 4*p**2 - p - 765. Let b(c) = -11*q(c) + 6*w(c). Let x be b(0). What is the units digit of 4/(-3)*x/22?
6
Suppose 6*c = -5*c + 33. What is the units digit of (-2 + c/2)/(1/(-66))?
3
Let a = 164 + -142. What is the tens digit of a?
2
Let x = -439 + 810. What is the units digit of x?
1
Suppose 5*p + 883 - 2297 = -w, 3*w - 294 = -p. Let i = p + -149. What is the tens digit of i?
3
Suppose -11*q = -9*q + 5*n - 505, -5*q + 1247 = -3*n. What is the tens digit of q?
5
Let i = 719 - 398. What is the hundreds digit of i?
3
Let b be (-4)/8*226*-5. Suppose 3*t = -2*t + b. Suppose 5*s - 5*f = 85, 5*s - 2*f + 25 = t. What is the tens digit of s?
1
Suppose -q = -5*m + 15, -2*q + 4*m + 9 = 7*m. Suppose q = -2*c - c. Suppose c*g - 4*g = -28. What is the units digit of g?
7
Let v(q) = -q - 2. Let i be v(-3). Suppose l - 6 = -i. Suppose 0 = -5*x - l*u + 40, 2*u = 5*x - 0*u - 75. What is the units digit of x?
3
Let l = -340 + 638. What is the units digit of l?
8
Let c = -2393 + 3372. What is the hundreds digit of c?
9
Let q(w) = -77*w + 159. What is the hundreds digit of q(-6)?
6
Let c be 16/88 - (-1842)/33. Suppose -22 + c = f. What is the tens digit of f?
3
What is the tens digit of (-9)/((-36)/3176) + 3 + -7?
9
What is the units digit of 2/(-6) + (-17948)/(-42)?
7
Suppose c + 7*a - 1981 = 3*a, 2026 = c - 5*a. What is the tens digit of c?
0
Let k(q) = -q**3 - 9*q**2 + 11*q + 10. Let h be k(-10). Suppose 5*t - 82 - 173 = h. Let j = -30 + t. What is the units digit of j?
1
Suppose -3 - 13 = -4*q. Suppose -858 = -5*v - q*u, 0*v - 3*v + 506 = -2*u. What is the tens digit of v?
7
Let k = 25 - 21. Suppose k*s = -31 - 5. Let f(j) = -j**2 - 14*j - 6. What is the units digit of f(s)?
9
Suppose -10 = -6*v + v. What is the units digit of 57 + (-2)/1 + v?
7
Let n be (-16)/(-6) - 8/(-24). Let t = 128 - n. Suppose g = 4*g + 3*f - 84, 0 = -5*g - 2*f + t. What is the units digit of g?
3
Suppose -3*b - 128 - 32 = -4*m, 5*m - 4*b = 200. What is the units digit of m?
0
Suppose 10*z - 91497 = -11*z. What is the tens digit of z?
5
Let j be (-16)/6*9/(-6). Suppose -j*s = -s - 138. Suppose -2*y + 5*y + p - s = 0, -5*y = -4*p - 88. What is the tens digit of y?
1
Let k be (54/21)/((-6)/(-56)). Let l = k - 23. What is the units digit of (11 - l)/5 - -66?
8
Let h = 549 + 7. What is the hundreds digit of h?
5
Suppose 8*x - 10*x = 2*n - 64, 5*n + 29 = 2*x. What is the tens digit of x?
2
Suppose 0 = p + 5, -4*l = 23*p - 27*p - 5724. What is the thousands digit of l?
1
Let m(l) = -l**2 - 2*l + 4. Let w be m(0). Suppose 4*c - w*z = z - 33, 0 = -3*c + z - 11. What is the tens digit of 4/(-8)*c + 11?
1
Suppose 0 = -643*j + 630*j + 30875. What is the tens digit of j?
7
Let l(k) = -23*k - 24. Let i be l(5). Let s = 196 + i. What is the units digit of s?
7
Let t(s) = 29*s + 23. Let m be t(13). What is the units digit of (-4)/(-3) + -1 + m/6?
7
Let d be (-4)/6*99/(-22). Suppose d*b = c + 32 + 75, 3*c + 173 = 5*b. What is the units digit of (-3)/9*(-2 - b)?
3
Suppose 0*o - f + 15 = -o, 8 = 2*f. Let z(a) = -a**2 - 11*a + 51. Let c be z(-16). Let w = o - c. What is the units digit of w?
8
What is the hundreds digit of 4606/(-21)*90/(-35)?
5
Let q = -2053 - -5506. What is the tens digit of q?
5
Suppose -v = v - 4. Suppose 0 = -4*w - 3*t, v*w = 4*w - 4*t - 22. Suppose -4*n - 5*j + 20 = 0, 2*j + 4 = w*n - 11. What is the units digit of n?
5
Suppose -j = -6 + 1. Suppose 2*c + 2*z - 12 = 0, -j*c - z - 3*z = -30. Suppose 2*n = -s + 16 + 13, s - 5*n = -c. What is the tens digit of s?
1
Let a be ((-6)/(-4))/((-1)/6). Let k(i) = i + 11. Let v be k(a). What is the tens digit of 10/(v/4 + 0)?
2
Let n(h) = 257*h**2 + 2*h + 1. Let a be n(-1). Suppose -12*k = -8*k - a. What is the tens digit of k?
6
Let s(k) = k + 2. Let g be s(5). Let q = g - 3. Suppose -7 = -q*x + 97. What is the units digit of x?
6
Suppose 3*r + 9904 = 2*t, r = 9*t - 7*t - 9904. What is the thousands digit of t?
4
Let w(f) = f + 12. Let b be w(-11). Let p be 2/b - (-16)/(-4). What is the units digit of (0 + 3)/(p/(-6))?
9
Suppose 4*s - 59 = -7. Let t = 13 + 0. Let k = t + s. What is the units digit of k?
6
Suppose -23 = -j - 0. Let v = 49 + -50. What is the units digit of (j - v - 0) + 1?
5
Let v(h) = h**3 - 5*h**2 - h - 6. Suppose 0 = r + 4*r - 30. Let f be 18/10*20/r. What is the tens digit of v(f)?
2
Let z(s) = 66*s**3 + 4*s**2 + 7*s - 9. Let a(j) = 33*j**3 + 2*j**2 + 4*j - 5. Let f(w) = 7*a(w) - 4*z(w). What is the units digit of f(-1)?
2
Let v = 22 + 148. What is the units digit of v?
0
Let j(s) = -23*s**3 - 1. Let i be j(-1). Suppose 0 = 5*g + 188 + i. What is the tens digit of 1 + -2 - (1 + g)?
4
Let f(y) = y**3 + 3*y**2 + 5*y - 1. Let w be f(-2). What is the hundreds digit of (-672)/w + (1 - -3)?
1
Let q = 24 - 15. Let z = 59 - q. What is the tens digit of z?
5
Let l = -669 + 1634. What is the units digit of l?
5
Let q(g) = -g**3 + 9*g**2 - 8*g + 7. Let n be q(8). Let w = n + -7. What is the units digit of (w + -9)/((-15)/50)?
0
Let c = -5639 - -8731. What is the hundreds digit of c?
0
Let w(p) = -p**2 - 10 + 21*p - 4 + 2 - 10*p. Let n be w(8). What is the units digit of (-15)/(-6)*n/10